/g - (-6 + (-560)/(-91))?
1
Let a(r) = r**3 - 25*r**2 + 66*r. Let c be a(22). Suppose -2*u - 2*z + 1710 = c, -3*u + 2566 = -117*z + 121*z. What is the hundreds digit of u?
8
Suppose -4*m + 111650 = -3*p, 0 = 8*m - 10*m + p + 55826. What is the thousands digit of m?
7
Suppose 0 = -2*q - 10*q + 1584. What is the tens digit of (-45)/2*q/(-55)?
5
Suppose 0 = 9*u - 12*u + 18, -4*r + u + 96022 = 0. What is the ten thousands digit of r?
2
Let v = 37 + -37. Suppose 3*u = 12, -2*b + b - u = v. What is the tens digit of 44 + (4 - 0)/b?
4
What is the thousands digit of 6607/1 + -27 + 15?
6
Suppose 5*r = -2*i + 41669, r = -5*i + 4274 + 4069. What is the tens digit of r?
3
What is the thousands digit of 26148/9 + 23/(-69)?
2
Suppose -34*d = -37*d + 273. What is the units digit of 13/(d/450) + (-4)/14?
4
Suppose -976 = -3*x + 4*u, 0 = 4*x + 2*u - 908 - 364. Suppose -2*p + x + 478 = 2*v, -2*p + 786 = -4*v. What is the units digit of p?
7
Suppose -8*f = 2*f. Suppose j + 2*q - 9 = f, 5*j = 2*q - 3 - 0. What is the units digit of 73*(0 + j)*(0 - -1)?
3
Let m be ((-282)/(-15))/(-3 + 220/75). Let x = 1059 - m. What is the units digit of x?
1
Suppose 0 = 15*b - 20*b + 140. Suppose b + 151 = o + 2*d, -4*d - 764 = -4*o. What is the tens digit of o?
8
Suppose 480 = 7*r - 2*r. Let x = r - 100. What is the tens digit of 1*(-10)/x*552/15?
9
Let i(l) = -11*l**3 + 2*l**2 + 9*l + 22. Let b = -88 - -84. What is the units digit of i(b)?
2
Let x be (2/6)/((-38)/(-36) + -1). Suppose 0 = -5*b + x*b - 2. Suppose 4*p = -l + 105, 207 = 2*l + b*p - 9. What is the hundreds digit of l?
1
Let a be (-6)/(-2)*(-7)/(-3)*1. Suppose 3*z - 486 = -3*o, 680 = a*o - 3*o - 4*z. What is the hundreds digit of o?
1
Let a(b) = -b**3 - 2*b**2 + b - 1. Let u be a(-3). Suppose r - 23 = 4*s, -u*r + s + 24 = 4. Suppose 0 = 2*q - 63 - r. What is the units digit of q?
3
Let u(s) = -21*s + 221. What is the tens digit of u(-20)?
4
What is the hundreds digit of (78/(-65))/(0 - (-2)/(-5385))?
2
Let o(g) = -63*g**3 + 5*g**2 + 3*g + 5. Let t be o(-2). Let h be 697/(-2) - -3*(-2)/12. Let b = t + h. What is the units digit of b?
4
Let n(m) = 5*m + 35. Let o be n(9). Let l = 551 - o. What is the hundreds digit of l?
4
Let w be (34/3)/(2/3). Let f(y) = 9*y - 42. Let i(v) = -9*v + 42. Let u(k) = -3*f(k) - 4*i(k). What is the units digit of u(w)?
1
Let w = -36855 + 67038. What is the tens digit of w?
8
Let r(j) = 14*j**2 - 16*j**2 - 48*j + 18*j**2 - 41 + 63*j. What is the tens digit of r(8)?
0
Let v(s) = 38 - 27 - 26*s - 15*s + 76 + 164. What is the tens digit of v(-17)?
4
Suppose -6*n + 105 = 33. Let k(b) = -b**3 + 14*b**2 + 18. What is the units digit of k(n)?
6
Let h(i) = 125*i - 330. Let p(a) = -42*a + 110. Let y(q) = -3*h(q) - 8*p(q). What is the tens digit of y(-7)?
8
Let l = 38 + -49. Let x(n) = -n**2 - 10*n + 21. What is the tens digit of x(l)?
1
Suppose 582*n - 136903 = 569*n. What is the hundreds digit of n?
5
Let m = 49628 + -7382. What is the ten thousands digit of m?
4
Let m be (-5)/35 - (12645/(-21) + -2). Suppose 707 + m = q - 3*s, 4*q = -3*s + 5199. What is the thousands digit of q?
1
Let z(a) = 58*a**2 - 50*a - 12. What is the hundreds digit of z(-11)?
5
Suppose -s + 3*i = -17110, 5*s + 4*i + 16590 - 102311 = 0. What is the tens digit of s?
3
Suppose 0 = -5*d + d + 3*j + 41532, 16 = -4*j. Suppose 7*c - d = -8*c. What is the hundreds digit of c?
6
Let t(g) = -1597*g - 116. What is the tens digit of t(-7)?
6
Let o(j) = -5*j**2 - 2*j. Let l(h) = -4*h**2 - h. Let b(f) = 3*l(f) - 2*o(f). Let c be b(-1). What is the units digit of -2*24/(-16)*(-67)/c?
7
Suppose -26*a + 27*a = 38. Let f = a + 31. Let i = f + 70. What is the tens digit of i?
3
Let s = -17 + 20. Suppose s*j = 1055 + 1003. Suppose -6*f = f - j. What is the tens digit of f?
9
Suppose -5*m + 3*p - 3090 - 1080 = 0, -2*p = -4*m - 3336. Let l = 1416 + m. What is the tens digit of l?
8
Suppose -1008 = -3923*y + 3917*y. What is the units digit of y?
8
Let p(w) = 4*w**2 + 27*w + 311. What is the units digit of p(-14)?
7
Let f(t) = -17*t + 12. Let j = 32 + -32. Let g be -3 - j*4/(-8). What is the tens digit of f(g)?
6
Let k be 106/3*(-9)/(-6). Suppose 0 = -4*i + k + 11. What is the units digit of i?
6
Suppose -t = -4*t + 6. Let g(d) = 55*d + 62. Let m be g(2). What is the tens digit of m + (3/(-12))/(t/8)?
7
Let t be ((-72)/16)/(3/54). Let h be t/((-15)/(-10) - 3). What is the tens digit of 4*(-1)/(-6)*h?
3
Suppose -225 - 147 = -3*f. Suppose 10*y - 14*y = f. What is the units digit of y/(-2) - (-1)/(-6)*-3?
6
Let q(n) = n**3 - 4*n**2 - 5*n. Let f be q(5). Let h(g) = 658*g**3 - g**2 + 5*g - 6. Let s be h(1). Suppose -7*o + s + 359 = f. What is the hundreds digit of o?
1
Let q = 733 + -1247. Suppose 825 - 293 = -2*c. Let r = c - q. What is the units digit of r?
8
Let c be 3 - (0 - -3 - 2). Suppose -c*a + 349 = -5*y, -6 = 3*y - y. What is the hundreds digit of (2/2)/1*a?
1
Suppose 0 = 104*s + 43643 - 704043. What is the hundreds digit of s?
3
Let f be -3 + (3996/3)/4. Suppose 2*n - 4*p = 16, 3 = n - 5*p - 8. Suppose n*t - f = t. What is the tens digit of t?
6
Suppose -18747 = -2*u + 3*g, u - g = -4542 + 13916. What is the hundreds digit of u?
3
Let v(g) = -27*g - 48. Let w be v(-6). Let h(p) = -67*p + 6. Let r be h(-6). Suppose -k + 2*k - w = -3*f, 0 = 4*k - 4*f - r. What is the units digit of k?
5
Let m(b) = 22*b**3 - 6*b**2 - 9*b**2 - 2*b + 16*b**2. Suppose -o = -4*d - 2, 3*o - 4*o + 5*d + 2 = 0. What is the hundreds digit of m(o)?
1
Let n = 1710 - -448. What is the thousands digit of n?
2
Suppose 5*i = 8*i + 2*h - 3855, 3*i + 3*h = 3852. What is the hundreds digit of i?
2
Suppose -2*y + 3*y = 8. Let g = y - 5. Suppose 0*r + 2*r - 2*i - 254 = 0, 0 = g*r - i - 377. What is the hundreds digit of r?
1
Let o(u) = -u**3 + 2*u**2 - u + 3. Let q be o(2). Let x = 12 - q. Suppose x*z = -0*z + 1551. What is the tens digit of z?
4
Let c(n) = 2*n**3 + 2*n**2 - 3*n + 2. Let b be c(7). Suppose 2*p - b = 151. What is the hundreds digit of p?
4
Let b(o) = 670*o - 28. Let p be b(7). Suppose -16*t = -p + 134. What is the units digit of t?
3
Let l be 1/1*(2243 - 0). What is the units digit of l/9 - -6*(-4)/108?
9
Let t = 58488 - 29383. What is the thousands digit of t?
9
Let x(m) = -8*m**2 + m + 19. Let n(d) = -17*d**2 + 2*d + 38. Suppose -3*g + 11*g = 16. Let b(k) = g*n(k) - 5*x(k). What is the hundreds digit of b(-5)?
1
What is the units digit of (405 - 399)*(-1 - -1071)?
0
Suppose -3*g + 5*u = -13385, -4*u + 3*u = 4. Suppose g = 9*w - 2160. What is the hundreds digit of w?
7
Let s = 4384 + -3171. What is the units digit of s?
3
Let t(o) = -115*o + 3. Let l(n) = 575*n - 16. Let b(m) = -2*l(m) - 11*t(m). Let i = 66 - 65. What is the hundreds digit of b(i)?
1
Let j = -51433 - -74592. What is the thousands digit of j?
3
Let h = 16 - 12. Suppose h*z + r = 5*z - 8, 5*z + r = 22. Suppose -o + 75 = -a + z*a, -5*o - 4*a + 359 = 0. What is the units digit of o?
1
Suppose -3*d - 5*z + 17 = 0, 85 = 5*d - 4*z - 5. Let h = -52 + 88. Let x = h + d. What is the tens digit of x?
5
Suppose -2*b + 2*o = -6, -3*o = -4*b - 5*o + 24. Let d(m) = -m**3 + 5*m**2 + 6*m - 17. What is the tens digit of d(b)?
1
Let p be (-111)/27 + 5/45. What is the units digit of ((-10)/p)/(-1 + 57/54)?
5
Suppose 19857 = 14*z + 705. Suppose 0*p = -4*p + z. Suppose -2*h = -3*d - p, -h + 3*d - d = -170. What is the units digit of h?
4
Suppose 181*j - 182*j + 26229 = 9*o, -4*j + 3*o = -104643. What is the thousands digit of j?
6
Suppose 5*x - 14 = -24. Let m be (14/6 - 2)*(-30)/x. Suppose -m*g = c - 8*g - 97, 4*c = -4*g + 452. What is the hundreds digit of c?
1
Suppose 1093*b - 828*b + 2997528 - 10913873 = 0. What is the tens digit of b?
7
Suppose 25*o = 597414 + 344011. What is the units digit of o?
7
Suppose 24*f + 103*f - 101223 = -36*f. What is the tens digit of f?
2
Let p(m) = -9*m**2 - 19*m + 8. Let o(t) = 5*t**2 + 10*t - 4. Suppose 0*u + 36 = u - 5*r, 2*r = -10. Let y(b) = u*o(b) + 6*p(b). What is the tens digit of y(13)?
2
Let b = 1619 - 1098. Let p = -59 + b. What is the tens digit of p?
6
Let n = 5207 + -5203. Let x(w) = -2*w**2 + w**3 + 4 - 1 + 3*w**2. What is the tens digit of x(n)?
8
Let f = 115 + -111. Suppose -352 = -4*a + f*m, 15*m + 244 = 3*a + 16*m. What is the tens digit of a?
8
Let j(l) = -7